{"id":3061,"date":"2025-04-08T09:48:55","date_gmt":"2025-04-08T15:48:55","guid":{"rendered":"https:\/\/sanmiguelelalto.gob.mx\/difsma\/?page_id=3061"},"modified":"2025-04-08T10:09:47","modified_gmt":"2025-04-08T16:09:47","slug":"el-lugar-dia-y-hora-de-las-todas-las-reuniones-o-sesiones-de-sus-organos-colegiados-junto-con-el-orden-del-dia-y-una-relacion-detallada-de-los-asuntos-a-tratar-asi-como-la-indicacion-del-lugar-y-fo","status":"publish","type":"page","link":"https:\/\/sanmiguelelalto.gob.mx\/difsma\/el-lugar-dia-y-hora-de-las-todas-las-reuniones-o-sesiones-de-sus-organos-colegiados-junto-con-el-orden-del-dia-y-una-relacion-detallada-de-los-asuntos-a-tratar-asi-como-la-indicacion-del-lugar-y-fo\/","title":{"rendered":"El lugar, d\u00eda y hora de las todas las reuniones o sesiones de sus \u00f3rganos colegiados, junto con el orden del d\u00eda y una relaci\u00f3n detallada de los asuntos a tratar, as\u00ed como la indicaci\u00f3n del lugar y forma en que se puedan consultar los documentos p\u00fablicos relativos, con cuando menos veinticuatro horas anteriores a la celebraci\u00f3n de dicha reuni\u00f3n o sesi\u00f3n;"},"content":{"rendered":"\t\t<div data-elementor-type=\"wp-page\" data-elementor-id=\"3061\" class=\"elementor elementor-3061\">\n\t\t\t\t<div class=\"elementor-element elementor-element-02a6dec e-flex e-con-boxed wpr-particle-no wpr-jarallax-no wpr-parallax-no wpr-sticky-section-no e-con e-parent\" data-id=\"02a6dec\" data-element_type=\"container\">\n\t\t\t\t\t<div class=\"e-con-inner\">\n\t\t\t\t<div class=\"elementor-element elementor-element-6dbadaa elementor-widget elementor-widget-heading\" data-id=\"6dbadaa\" data-element_type=\"widget\" data-widget_type=\"heading.default\">\n\t\t\t\t<div class=\"elementor-widget-container\">\n\t\t\t\t\t<h1 class=\"elementor-heading-title elementor-size-default\">El lugar, d\u00eda y hora de las todas las reuniones o sesiones de sus \u00f3rganos colegiados, junto con el orden del d\u00eda y una relaci\u00f3n detallada de los asuntos a tratar, as\u00ed como la indicaci\u00f3n del lugar y forma en que se puedan consultar los documentos p\u00fablicos relativos, con cuando menos veinticuatro horas anteriores a la celebraci\u00f3n de dicha reuni\u00f3n o sesi\u00f3n.\n\n<\/h1>\t\t\t\t<\/div>\n\t\t\t\t<\/div>\n\t\t\t\t\t<\/div>\n\t\t\t\t<\/div>\n\t\t<div class=\"elementor-element elementor-element-7184be6 e-flex e-con-boxed wpr-particle-no wpr-jarallax-no wpr-parallax-no wpr-sticky-section-no e-con e-parent\" data-id=\"7184be6\" data-element_type=\"container\">\n\t\t\t\t\t<div class=\"e-con-inner\">\n\t\t\t\t<div class=\"elementor-element elementor-element-1845e50 e-n-tabs-mobile elementor-widget elementor-widget-n-tabs\" data-id=\"1845e50\" data-element_type=\"widget\" data-settings=\"{&quot;horizontal_scroll&quot;:&quot;disable&quot;}\" data-widget_type=\"nested-tabs.default\">\n\t\t\t\t<div class=\"elementor-widget-container\">\n\t\t\t\t\t\t\t<div class=\"e-n-tabs\" data-widget-number=\"25452112\" aria-label=\"Pesta\u00f1as. Abre elementos con Intro o Espacio, ci\u00e9rralos con Escape y navega con las fechas.\">\n\t\t\t<div class=\"e-n-tabs-heading\" role=\"tablist\">\n\t\t\t\t\t<button id=\"e-n-tab-title-254521121\" data-tab-title-id=\"e-n-tab-title-254521121\" class=\"e-n-tab-title\" aria-selected=\"true\" data-tab-index=\"1\" role=\"tab\" tabindex=\"0\" aria-controls=\"e-n-tab-content-254521121\" style=\"--n-tabs-title-order: 1;\">\n\t\t\t\t\t\t<span class=\"e-n-tab-title-text\">\n\t\t\t\t2018\t\t\t<\/span>\n\t\t<\/button>\n\t\t\t\t<button id=\"e-n-tab-title-254521122\" data-tab-title-id=\"e-n-tab-title-254521122\" class=\"e-n-tab-title\" aria-selected=\"false\" data-tab-index=\"2\" role=\"tab\" tabindex=\"-1\" aria-controls=\"e-n-tab-content-254521122\" style=\"--n-tabs-title-order: 2;\">\n\t\t\t\t\t\t<span class=\"e-n-tab-title-text\">\n\t\t\t\t2017\t\t\t<\/span>\n\t\t<\/button>\n\t\t\t\t<button id=\"e-n-tab-title-254521123\" data-tab-title-id=\"e-n-tab-title-254521123\" class=\"e-n-tab-title\" aria-selected=\"false\" data-tab-index=\"3\" role=\"tab\" tabindex=\"-1\" aria-controls=\"e-n-tab-content-254521123\" style=\"--n-tabs-title-order: 3;\">\n\t\t\t\t\t\t<span class=\"e-n-tab-title-text\">\n\t\t\t\t2016\t\t\t<\/span>\n\t\t<\/button>\n\t\t\t\t<button id=\"e-n-tab-title-254521124\" data-tab-title-id=\"e-n-tab-title-254521124\" class=\"e-n-tab-title\" aria-selected=\"false\" data-tab-index=\"4\" role=\"tab\" tabindex=\"-1\" aria-controls=\"e-n-tab-content-254521124\" style=\"--n-tabs-title-order: 4;\">\n\t\t\t\t\t\t<span class=\"e-n-tab-title-text\">\n\t\t\t\t2015\t\t\t<\/span>\n\t\t<\/button>\n\t\t\t\t\t<\/div>\n\t\t\t<div class=\"e-n-tabs-content\">\n\t\t\t\t<div id=\"e-n-tab-content-254521121\" role=\"tabpanel\" aria-labelledby=\"e-n-tab-title-254521121\" data-tab-index=\"1\" style=\"--n-tabs-title-order: 1;\" class=\"e-active elementor-element elementor-element-0c5d31f e-con-full e-flex wpr-particle-no wpr-jarallax-no wpr-parallax-no wpr-sticky-section-no e-con e-child\" data-id=\"0c5d31f\" data-element_type=\"container\">\n\t\t\t\t<div class=\"elementor-element elementor-element-2b27d01 elementor-widget elementor-widget-text-editor\" data-id=\"2b27d01\" data-element_type=\"widget\" data-widget_type=\"text-editor.default\">\n\t\t\t\t<div class=\"elementor-widget-container\">\n\t\t\t\t\t\t\t\t\t<ul><li><a href=\"https:\/\/sanmiguelelalto.gob.mx\/difsma\/wp-content\/uploads\/2025\/04\/acf602f2_convocatorias-2017001jpg.jpg\" target=\"_blank\" rel=\"noopener\">15-03-2018<\/a><\/li><\/ul>\t\t\t\t\t\t\t\t<\/div>\n\t\t\t\t<\/div>\n\t\t\t\t<\/div>\n\t\t<div id=\"e-n-tab-content-254521122\" role=\"tabpanel\" aria-labelledby=\"e-n-tab-title-254521122\" data-tab-index=\"2\" style=\"--n-tabs-title-order: 2;\" class=\" elementor-element elementor-element-9afa0f1 e-con-full e-flex wpr-particle-no wpr-jarallax-no wpr-parallax-no wpr-sticky-section-no e-con e-child\" data-id=\"9afa0f1\" data-element_type=\"container\">\n\t\t\t\t<div class=\"elementor-element elementor-element-6785aee elementor-widget elementor-widget-text-editor\" data-id=\"6785aee\" data-element_type=\"widget\" data-widget_type=\"text-editor.default\">\n\t\t\t\t<div class=\"elementor-widget-container\">\n\t\t\t\t\t\t\t\t\t<ul><li><a href=\"https:\/\/sanmiguelelalto.gob.mx\/difsma\/wp-content\/uploads\/2025\/04\/b15b3c56_convocatoria-2017pdf.pdf\" target=\"_blank\" rel=\"noopener\">10-07-2017<\/a><\/li><li><a href=\"https:\/\/sanmiguelelalto.gob.mx\/difsma\/wp-content\/uploads\/2025\/04\/8f36a0eb_convocatorias-2016001jpg.jpg\" target=\"_blank\" rel=\"noopener\">04-05-2017<\/a><\/li><li><a href=\"https:\/\/sanmiguelelalto.gob.mx\/difsma\/wp-content\/uploads\/2025\/04\/85c41335_convocatorias-2016002jpg.jpg\" target=\"_blank\" rel=\"noopener\">28-03-2017<\/a><\/li><li><a href=\"https:\/\/sanmiguelelalto.gob.mx\/difsma\/wp-content\/uploads\/2025\/04\/4f29b0d7_convocatorias-2016003jpg.jpg\" target=\"_blank\" rel=\"noopener\">13-01-2017<\/a><\/li><\/ul>\t\t\t\t\t\t\t\t<\/div>\n\t\t\t\t<\/div>\n\t\t\t\t<\/div>\n\t\t<div id=\"e-n-tab-content-254521123\" role=\"tabpanel\" aria-labelledby=\"e-n-tab-title-254521123\" data-tab-index=\"3\" style=\"--n-tabs-title-order: 3;\" class=\" elementor-element elementor-element-bd24b45 e-con-full e-flex wpr-particle-no wpr-jarallax-no wpr-parallax-no wpr-sticky-section-no e-con e-child\" data-id=\"bd24b45\" data-element_type=\"container\">\n\t\t\t\t<div class=\"elementor-element elementor-element-11b7024 elementor-widget elementor-widget-text-editor\" data-id=\"11b7024\" data-element_type=\"widget\" data-widget_type=\"text-editor.default\">\n\t\t\t\t<div class=\"elementor-widget-container\">\n\t\t\t\t\t\t\t\t\t<ul><li><a href=\"https:\/\/sanmiguelelalto.gob.mx\/difsma\/wp-content\/uploads\/2025\/04\/1dc6095a_convocatoria-2016pdf.pdf\" target=\"_blank\" rel=\"noopener\">28-12-2016<\/a><\/li><li><a href=\"https:\/\/sanmiguelelalto.gob.mx\/difsma\/wp-content\/uploads\/2025\/04\/1a3e0030_convocatorias-2016004jpg.jpg\" target=\"_blank\" rel=\"noopener\">22-06-2016<\/a><\/li><\/ul>\t\t\t\t\t\t\t\t<\/div>\n\t\t\t\t<\/div>\n\t\t\t\t<\/div>\n\t\t<div id=\"e-n-tab-content-254521124\" role=\"tabpanel\" aria-labelledby=\"e-n-tab-title-254521124\" data-tab-index=\"4\" style=\"--n-tabs-title-order: 4;\" class=\" elementor-element elementor-element-43553ec e-flex e-con-boxed wpr-particle-no wpr-jarallax-no wpr-parallax-no wpr-sticky-section-no e-con e-child\" data-id=\"43553ec\" data-element_type=\"container\">\n\t\t\t\t\t<div class=\"e-con-inner\">\n\t\t\t\t<div class=\"elementor-element elementor-element-620e336 elementor-widget elementor-widget-text-editor\" data-id=\"620e336\" data-element_type=\"widget\" data-widget_type=\"text-editor.default\">\n\t\t\t\t<div class=\"elementor-widget-container\">\n\t\t\t\t\t\t\t\t\t<ul><li><a href=\"https:\/\/sanmiguelelalto.gob.mx\/difsma\/wp-content\/uploads\/2025\/04\/5de5007c_convocatoria-2015pdf.pdf\" target=\"_blank\" rel=\"noopener\">14-12-2015<\/a><\/li><li><a href=\"https:\/\/sanmiguelelalto.gob.mx\/difsma\/wp-content\/uploads\/2025\/04\/1628b450_convocatorias-2016005jpg.jpg\" target=\"_blank\" rel=\"noopener\">11-12-2015<\/a><\/li><\/ul>\t\t\t\t\t\t\t\t<\/div>\n\t\t\t\t<\/div>\n\t\t\t\t\t<\/div>\n\t\t\t\t<\/div>\n\t\t\t\t\t<\/div>\n\t\t<\/div>\n\t\t\t\t\t\t<\/div>\n\t\t\t\t<\/div>\n\t\t\t\t\t<\/div>\n\t\t\t\t<\/div>\n\t\t\t\t<\/div>\n\t\t","protected":false},"excerpt":{"rendered":"<p>El lugar, d\u00eda y hora de las todas las reuniones o sesiones de sus \u00f3rganos colegiados, junto con el orden del d\u00eda y una relaci\u00f3n detallada de los asuntos a tratar, as\u00ed como la indicaci\u00f3n del lugar y forma en que se puedan consultar los documentos p\u00fablicos relativos, con cuando menos veinticuatro horas anteriores a la celebraci\u00f3n de dicha reuni\u00f3n o sesi\u00f3n. 2018 2017 2016 2015 15-03-2018 10-07-2017 04-05-2017 28-03-2017 13-01-2017 28-12-2016 22-06-2016 14-12-2015 11-12-2015 15-03-2018 10-07-2017 04-05-2017 28-03-2017 13-01-2017 28-12-2016 22-06-2016 14-12-2015 11-12-2015<\/p>\n","protected":false},"author":2,"featured_media":0,"parent":0,"menu_order":0,"comment_status":"closed","ping_status":"closed","template":"","meta":{"footnotes":""},"class_list":["post-3061","page","type-page","status-publish","hentry"],"_links":{"self":[{"href":"https:\/\/sanmiguelelalto.gob.mx\/difsma\/wp-json\/wp\/v2\/pages\/3061","targetHints":{"allow":["GET"]}}],"collection":[{"href":"https:\/\/sanmiguelelalto.gob.mx\/difsma\/wp-json\/wp\/v2\/pages"}],"about":[{"href":"https:\/\/sanmiguelelalto.gob.mx\/difsma\/wp-json\/wp\/v2\/types\/page"}],"author":[{"embeddable":true,"href":"https:\/\/sanmiguelelalto.gob.mx\/difsma\/wp-json\/wp\/v2\/users\/2"}],"replies":[{"embeddable":true,"href":"https:\/\/sanmiguelelalto.gob.mx\/difsma\/wp-json\/wp\/v2\/comments?post=3061"}],"version-history":[{"count":7,"href":"https:\/\/sanmiguelelalto.gob.mx\/difsma\/wp-json\/wp\/v2\/pages\/3061\/revisions"}],"predecessor-version":[{"id":3079,"href":"https:\/\/sanmiguelelalto.gob.mx\/difsma\/wp-json\/wp\/v2\/pages\/3061\/revisions\/3079"}],"wp:attachment":[{"href":"https:\/\/sanmiguelelalto.gob.mx\/difsma\/wp-json\/wp\/v2\/media?parent=3061"}],"curies":[{"name":"wp","href":"https:\/\/api.w.org\/{rel}","templated":true}]}}