{"id":3869,"date":"2025-04-22T09:27:13","date_gmt":"2025-04-22T15:27:13","guid":{"rendered":"https:\/\/sanmiguelelalto.gob.mx\/difsma\/?page_id=3869"},"modified":"2025-04-22T09:54:44","modified_gmt":"2025-04-22T15:54:44","slug":"cuenta-publica","status":"publish","type":"page","link":"https:\/\/sanmiguelelalto.gob.mx\/difsma\/cuenta-publica\/","title":{"rendered":"Cuenta p\u00fablica"},"content":{"rendered":"\t\t<div data-elementor-type=\"wp-page\" data-elementor-id=\"3869\" class=\"elementor elementor-3869\">\n\t\t\t\t<div class=\"elementor-element elementor-element-f2c2b70 e-flex e-con-boxed wpr-particle-no wpr-jarallax-no wpr-parallax-no wpr-sticky-section-no e-con e-parent\" data-id=\"f2c2b70\" data-element_type=\"container\">\n\t\t\t\t\t<div class=\"e-con-inner\">\n\t\t\t\t<div class=\"elementor-element elementor-element-9c8a016 elementor-widget elementor-widget-heading\" data-id=\"9c8a016\" data-element_type=\"widget\" data-widget_type=\"heading.default\">\n\t\t\t\t<div class=\"elementor-widget-container\">\n\t\t\t\t\t<h1 class=\"elementor-heading-title elementor-size-default\">Cuenta p\u00fablica 2023<\/h1>\t\t\t\t<\/div>\n\t\t\t\t<\/div>\n\t\t\t\t\t<\/div>\n\t\t\t\t<\/div>\n\t\t<div class=\"elementor-element elementor-element-b74ef0e e-flex e-con-boxed wpr-particle-no wpr-jarallax-no wpr-parallax-no wpr-sticky-section-no e-con e-parent\" data-id=\"b74ef0e\" data-element_type=\"container\">\n\t\t\t\t\t<div class=\"e-con-inner\">\n\t\t\t\t<div class=\"elementor-element elementor-element-05551cc wpr-ticker-heading-position-left wpr-ticker-heading-icon-position-right wpr-ticker-heading-triangle-top wpr-ticker-slider-columns-4 wpr-ticker-slider-columns--laptop4 wpr-ticker-slider-columns--tablet3 wpr-ticker-slider-columns--mobile1 wpr-ticker-slides-to-scroll-1 wpr-ticker-arrow-style-horizontal wpr-ticker-arrow-position-right wpr-ticker-effect-hr-slide wpr-ticker-gradient-type-right elementor-widget elementor-widget-wpr-content-ticker\" data-id=\"05551cc\" data-element_type=\"widget\" data-settings=\"{&quot;slider_amount&quot;:4,&quot;slider_amount_laptop&quot;:4,&quot;slider_amount_tablet&quot;:3,&quot;slider_amount_mobile&quot;:1,&quot;slides_to_scroll&quot;:1,&quot;slider_autoplay&quot;:&quot;yes&quot;,&quot;slider_autoplay_duration&quot;:3,&quot;slider_loop&quot;:&quot;yes&quot;}\" data-widget_type=\"wpr-content-ticker.default\">\n\t\t\t\t<div class=\"elementor-widget-container\">\n\t\t\t\t\t\n\t\t<!-- Content Ticker Slider -->\n\t\t<div class=\"wpr-content-ticker\">\n\n\t\t\t\n\t\t<div class=\"wpr-ticker-heading\">\n\t\t\t<span class=\"wpr-ticker-heading-text\"><\/span>\n\t\t\t<span class=\"wpr-ticker-heading-icon\">\n\t\t\t\t\t\n\t\t\t\t<svg class=\"e-font-icon-svg e-far-star\" viewBox=\"0 0 576 512\" xmlns=\"http:\/\/www.w3.org\/2000\/svg\"><path d=\"M528.1 171.5L382 150.2 316.7 17.8c-11.7-23.6-45.6-23.9-57.4 0L194 150.2 47.9 171.5c-26.2 3.8-36.7 36.1-17.7 54.6l105.7 103-25 145.5c-4.5 26.3 23.2 46 46.4 33.7L288 439.6l130.7 68.7c23.2 12.2 50.9-7.4 46.4-33.7l-25-145.5 105.7-103c19-18.5 8.5-50.8-17.7-54.6zM388.6 312.3l23.7 138.4L288 385.4l-124.3 65.3 23.7-138.4-100.6-98 139-20.2 62.2-126 62.2 126 139 20.2-100.6 98z\"><\/path><\/svg>\t\t\t\t\t\t\t<\/span>\n\t\t<\/div>\n\n\t\t\n\t\t\t<div class=\"wpr-content-ticker-inner\">\n\t\t\t\t\n\t\t\t\t\n\t\t<div class=\"wpr-ticker-slider wpr-ticker-gradient\" dir=\"ltr\" data-slick=\"{&quot;rtl&quot;:false,&quot;infinite&quot;:true,&quot;speed&quot;:1000,&quot;autoplay&quot;:true,&quot;autoplaySpeed&quot;:3000,&quot;pauseOnHover&quot;:&quot;yes&quot;,&quot;arrows&quot;:true,&quot;prevArrow&quot;:&quot;&lt;div class=\\&quot;wpr-ticker-prev-arrow wpr-ticker-arrow\\&quot;&gt;&lt;i class=\\&quot;fas fa-angle-left\\&quot;&gt;&lt;\\\/i&gt;&lt;\\\/div&gt;&quot;,&quot;nextArrow&quot;:&quot;&lt;div class=\\&quot;wpr-ticker-next-arrow wpr-ticker-arrow\\&quot;&gt;&lt;i class=\\&quot;fas fa-angle-left\\&quot;&gt;&lt;\\\/i&gt;&lt;\\\/div&gt;&quot;}\" data-slide-effect=\"hr-slide\">\t\n\t\t\t\n\t\t\t<div class=\"wpr-ticker-item\">\n\n\t\t\t\t\n\t\t\t\t\n\t\t\t\t<h3 class=\"wpr-ticker-title\">\n\t\t\t\t\t<div class=\"wpr-ticker-title-inner\">\n\t\t\t\t\t<a href=\"https:\/\/sanmiguelelalto.gob.mx\/difsma\/2025\/11\/13\/cuenta-publica-2024-2\/\">CUENTA PUBLICA 2024<\/a>\t\t\t\t\t<\/div>\n\t\t\t\t<\/h3>\n\n\t\t\t<\/div>\n\n\t\t\n\t\t\t<div class=\"wpr-ticker-item\">\n\n\t\t\t\t\n\t\t\t\t\n\t\t\t\t<h3 class=\"wpr-ticker-title\">\n\t\t\t\t\t<div class=\"wpr-ticker-title-inner\">\n\t\t\t\t\t<a href=\"https:\/\/sanmiguelelalto.gob.mx\/difsma\/2025\/05\/28\/cuenta-publica-2016\/\">Cuenta p\u00fablica 2016<\/a>\t\t\t\t\t<\/div>\n\t\t\t\t<\/h3>\n\n\t\t\t<\/div>\n\n\t\t\n\t\t\t<div class=\"wpr-ticker-item\">\n\n\t\t\t\t\n\t\t\t\t\n\t\t\t\t<h3 class=\"wpr-ticker-title\">\n\t\t\t\t\t<div class=\"wpr-ticker-title-inner\">\n\t\t\t\t\t<a href=\"https:\/\/sanmiguelelalto.gob.mx\/difsma\/2025\/05\/28\/cuenta-publica-2017\/\">Cuenta p\u00fablica 2017<\/a>\t\t\t\t\t<\/div>\n\t\t\t\t<\/h3>\n\n\t\t\t<\/div>\n\n\t\t\n\t\t\t<div class=\"wpr-ticker-item\">\n\n\t\t\t\t\n\t\t\t\t\n\t\t\t\t<h3 class=\"wpr-ticker-title\">\n\t\t\t\t\t<div class=\"wpr-ticker-title-inner\">\n\t\t\t\t\t<a href=\"https:\/\/sanmiguelelalto.gob.mx\/difsma\/2025\/05\/28\/cuenta-publica-2018\/\">Cuenta p\u00fablica 2018<\/a>\t\t\t\t\t<\/div>\n\t\t\t\t<\/h3>\n\n\t\t\t<\/div>\n\n\t\t\n\t\t\t<div class=\"wpr-ticker-item\">\n\n\t\t\t\t\n\t\t\t\t\n\t\t\t\t<h3 class=\"wpr-ticker-title\">\n\t\t\t\t\t<div class=\"wpr-ticker-title-inner\">\n\t\t\t\t\t<a href=\"https:\/\/sanmiguelelalto.gob.mx\/difsma\/2025\/05\/28\/cuenta-publica-2019\/\">Cuenta p\u00fablica 2019<\/a>\t\t\t\t\t<\/div>\n\t\t\t\t<\/h3>\n\n\t\t\t<\/div>\n\n\t\t\n\t\t\t<div class=\"wpr-ticker-item\">\n\n\t\t\t\t\n\t\t\t\t\n\t\t\t\t<h3 class=\"wpr-ticker-title\">\n\t\t\t\t\t<div class=\"wpr-ticker-title-inner\">\n\t\t\t\t\t<a href=\"https:\/\/sanmiguelelalto.gob.mx\/difsma\/2025\/05\/28\/cuenta-publica-2020\/\">Cuenta p\u00fablica 2020<\/a>\t\t\t\t\t<\/div>\n\t\t\t\t<\/h3>\n\n\t\t\t<\/div>\n\n\t\t\n\t\t\t<div class=\"wpr-ticker-item\">\n\n\t\t\t\t\n\t\t\t\t\n\t\t\t\t<h3 class=\"wpr-ticker-title\">\n\t\t\t\t\t<div class=\"wpr-ticker-title-inner\">\n\t\t\t\t\t<a href=\"https:\/\/sanmiguelelalto.gob.mx\/difsma\/2025\/05\/28\/cuenta-publica-2021\/\">Cuenta p\u00fablica 2021<\/a>\t\t\t\t\t<\/div>\n\t\t\t\t<\/h3>\n\n\t\t\t<\/div>\n\n\t\t\n\t\t\t<div class=\"wpr-ticker-item\">\n\n\t\t\t\t\n\t\t\t\t\n\t\t\t\t<h3 class=\"wpr-ticker-title\">\n\t\t\t\t\t<div class=\"wpr-ticker-title-inner\">\n\t\t\t\t\t<a href=\"https:\/\/sanmiguelelalto.gob.mx\/difsma\/2025\/04\/22\/cuenta-publica-2024\/\">Cuenta p\u00fablica 2024<\/a>\t\t\t\t\t<\/div>\n\t\t\t\t<\/h3>\n\n\t\t\t<\/div>\n\n\t\t\n\t\t\t<div class=\"wpr-ticker-item\">\n\n\t\t\t\t\n\t\t\t\t\n\t\t\t\t<h3 class=\"wpr-ticker-title\">\n\t\t\t\t\t<div class=\"wpr-ticker-title-inner\">\n\t\t\t\t\t<a href=\"https:\/\/sanmiguelelalto.gob.mx\/difsma\/2025\/04\/22\/cuenta-publica-2023\/\">Cuenta P\u00fablica 2023<\/a>\t\t\t\t\t<\/div>\n\t\t\t\t<\/h3>\n\n\t\t\t<\/div>\n\n\t\t\n\t\t\t<div class=\"wpr-ticker-item\">\n\n\t\t\t\t\n\t\t\t\t\n\t\t\t\t<h3 class=\"wpr-ticker-title\">\n\t\t\t\t\t<div class=\"wpr-ticker-title-inner\">\n\t\t\t\t\t<a href=\"https:\/\/sanmiguelelalto.gob.mx\/difsma\/2025\/04\/22\/cuenta-publica-2022\/\">Cuenta p\u00fablica 2022<\/a>\t\t\t\t\t<\/div>\n\t\t\t\t<\/h3>\n\n\t\t\t<\/div>\n\n\t\t\t\t<\/div>\n\n\t\t<div class=\"wpr-ticker-slider-controls\"><\/div>\n\n\t\t\t\t\t\t\n\t\t\t<\/div>\n\n\t\t<\/div>\n\n\t\t\t\t\t\t<\/div>\n\t\t\t\t<\/div>\n\t\t\t\t\t<\/div>\n\t\t\t\t<\/div>\n\t\t\t\t<\/div>\n\t\t","protected":false},"excerpt":{"rendered":"<p>Cuenta p\u00fablica 2023 Cuenta P\u00fablica 2023 Cuenta p\u00fablica 2022<\/p>\n","protected":false},"author":2,"featured_media":0,"parent":0,"menu_order":0,"comment_status":"closed","ping_status":"closed","template":"","meta":{"footnotes":""},"class_list":["post-3869","page","type-page","status-publish","hentry"],"_links":{"self":[{"href":"https:\/\/sanmiguelelalto.gob.mx\/difsma\/wp-json\/wp\/v2\/pages\/3869","targetHints":{"allow":["GET"]}}],"collection":[{"href":"https:\/\/sanmiguelelalto.gob.mx\/difsma\/wp-json\/wp\/v2\/pages"}],"about":[{"href":"https:\/\/sanmiguelelalto.gob.mx\/difsma\/wp-json\/wp\/v2\/types\/page"}],"author":[{"embeddable":true,"href":"https:\/\/sanmiguelelalto.gob.mx\/difsma\/wp-json\/wp\/v2\/users\/2"}],"replies":[{"embeddable":true,"href":"https:\/\/sanmiguelelalto.gob.mx\/difsma\/wp-json\/wp\/v2\/comments?post=3869"}],"version-history":[{"count":4,"href":"https:\/\/sanmiguelelalto.gob.mx\/difsma\/wp-json\/wp\/v2\/pages\/3869\/revisions"}],"predecessor-version":[{"id":3889,"href":"https:\/\/sanmiguelelalto.gob.mx\/difsma\/wp-json\/wp\/v2\/pages\/3869\/revisions\/3889"}],"wp:attachment":[{"href":"https:\/\/sanmiguelelalto.gob.mx\/difsma\/wp-json\/wp\/v2\/media?parent=3869"}],"curies":[{"name":"wp","href":"https:\/\/api.w.org\/{rel}","templated":true}]}}